or of 5 and 59153635.
5
What is the greatest common factor of 33087009 and 169737?
5853
Calculate the highest common factor of 53392 and 315088.
752
What is the greatest common factor of 994597744 and 336?
112
What is the greatest common factor of 143775637 and 898?
449
Calculate the highest common factor of 547755 and 90895.
265
What is the greatest common factor of 1898 and 281164?
26
Calculate the highest common factor of 13233 and 77682121.
4411
What is the highest common factor of 423314 and 262?
2
What is the greatest common divisor of 541352 and 57232?
392
Calculate the highest common divisor of 5864195 and 161.
23
What is the highest common divisor of 3776796 and 3756?
12
What is the highest common divisor of 158865 and 107423?
1513
Calculate the greatest common factor of 44 and 20909636.
44
Calculate the greatest common divisor of 898333 and 11571.
29
Calculate the greatest common factor of 149380850 and 76.
38
Calculate the highest common factor of 37318 and 62933.
47
What is the greatest common factor of 541000 and 227000?
1000
Calculate the greatest common factor of 83837924 and 5564.
428
What is the greatest common factor of 18400 and 488352?
32
Calculate the greatest common factor of 1048617 and 45621.
333
What is the greatest common divisor of 398 and 353877322?
398
Calculate the highest common factor of 13403068 and 1372.
1372
Calculate the greatest common divisor of 126 and 121470444.
18
What is the highest common factor of 18478261 and 43?
43
Calculate the greatest common factor of 58745 and 7767605.
1895
What is the greatest common divisor of 72915000 and 39000?
3000
Calculate the greatest common divisor of 90 and 4417128.
18
What is the greatest common divisor of 672903 and 94941?
693
What is the greatest common factor of 71786 and 160523?
11
What is the highest common divisor of 13431888 and 226440?
2664
Calculate the highest common divisor of 602301 and 16261.
161
What is the highest common divisor of 16737191 and 965522?
4429
Calculate the highest common divisor of 56 and 402082184.
56
What is the highest common factor of 17267440 and 60?
20
Calculate the greatest common divisor of 1516 and 34008428.
1516
Calculate the highest common factor of 13404621 and 94521.
1929
What is the highest common divisor of 47641 and 60847?
71
Calculate the highest common divisor of 135282220 and 480.
20
What is the greatest common factor of 3533406 and 202138?
422
Calculate the highest common divisor of 32042 and 130766.
866
What is the highest common factor of 13284264 and 41088?
2568
What is the greatest common divisor of 34044 and 21048?
12
What is the highest common divisor of 2394 and 3481074?
18
Calculate the highest common divisor of 1207162 and 15466.
814
What is the greatest common divisor of 79626 and 19389?
69
Calculate the highest common factor of 51 and 159402.
3
Calculate the highest common divisor of 74307227 and 46.
23
Calculate the highest common factor of 60315147 and 45.
9
What is the highest common factor of 663425 and 2720?
85
What is the highest common factor of 861121528 and 8?
8
What is the greatest common factor of 66586 and 4668703?
2561
What is the highest common divisor of 450497 and 13189?
109
Calculate the greatest common divisor of 218 and 8725559.
109
What is the highest common factor of 825 and 51372525?
75
Calculate the highest common divisor of 18439015 and 280.
35
Calculate the highest common divisor of 1552 and 3270646.
194
Calculate the greatest common factor of 965901 and 15409.
811
Calculate the greatest common divisor of 148039 and 585499.
317
Calculate the highest common factor of 23450 and 630700.
350
Calculate the highest common factor of 35930303 and 94704.
1973
Calculate the highest common factor of 69643116 and 144.
36
What is the highest common divisor of 2 and 3882941?
1
Calculate the highest common factor of 138420582 and 12.
6
Calculate the greatest common divisor of 1486914 and 44.
22
Calculate the highest common factor of 302124 and 2016.
12
Calculate the highest common divisor of 272 and 134052344.
136
Calculate the greatest common divisor of 25407297 and 27.
27
Calculate the highest common factor of 231036005 and 535.
535
Calculate the highest common divisor of 574253 and 9211.
151
What is the greatest common divisor of 631256190 and 190?
190
What is the highest common factor of 218 and 158670646?
218
Calculate the greatest common factor of 1784 and 1073299.
223
Calculate the highest common divisor of 24783458 and 1218.
406
What is the highest common factor of 10564246 and 758?
758
What is the greatest common factor of 55029 and 66345084?
663
Calculate the highest common factor of 992 and 4020948.
124
Calculate the highest common factor of 252 and 59860227.
21
Calculate the highest common factor of 87948 and 10206.
126
What is the greatest common factor of 3 and 25093968?
3
What is the greatest common factor of 2562 and 2119506?
366
Calculate the greatest common factor of 40 and 73194380.
20
What is the greatest common factor of 129150 and 5289615?
1845
Calculate the greatest common divisor of 3579543 and 4671.
1557
What is the highest common divisor of 30 and 278969190?
30
What is the greatest common factor of 309642760 and 408?
136
Calculate the highest common divisor of 62074 and 1704764.
1514
What is the greatest common factor of 23231395 and 26790?
4465
Calculate the highest common divisor of 1345 and 89405.
5
What is the greatest common factor of 217 and 85338443?
31
Calculate the highest common divisor of 1534185195 and 465.
465
What is the highest common divisor of 16247943 and 18?
9
What is the greatest common divisor of 618 and 36264034?
206
Calculate the highest common divisor of 1350 and 764550.
450
Calculate the greatest common divisor of 2465 and 57014.
29
What is the highest common divisor of 6105 and 1625595?
555
What is the highest common factor of 5855179 and 36179?
253
Calculate the greatest common divisor of 750661 and 1.
1
What is the highest common factor of 647153 and 3350?
67
What is the highest common divisor of 398886 and 1662234?
114
What is the highest common divisor of 931 and 768324508?
931
Calculate the greatest common factor of 76450386 and 852.
426
What is the highest common factor of 20938789 and 21847?
3121
What is the highest common factor of 84040 and 1140040?
440
What is the highest common factor of 13077040 and 47430?
310
What is the highest common divisor of 90156500 and 490?
70
Calculate the greatest common divisor of 340272 and 12699.
153
Calculate the greatest common factor of 2882451 and 5148.
429
What is the greatest common divisor of 51 and 88774?
17
Calculate the highest common factor of 790 and 595746110.
790
What is the greatest common factor of 189060 and 3033240?
1380
What is the highest common divisor of 47 and 154325863?
47
Calculate the greatest common divisor of 25351 and 216613.
251
Calculate the greatest common divisor of 88 and 2514632.
8
What is the highest common factor of 14138427 and 24176?
1511
Calculate the highest common factor of 3003 and 20020143.
429
What is the greatest common factor of 87954 and 1196046?
642
What is the greatest common divisor of 238 and 69252560?
34
Calculate the greatest common factor of 92 and 424123036.
92
Calculate the highest common divisor of 87414 and 10999.
17
Calculate the highest common factor of 7314 and 17664.
138
What is the greatest common divisor of 43 and 138259?
1
What is the greatest common divisor of 294160536 and 16?
8
What is the highest common divisor of 17 and 88082389?
17
Calculate the highest common divisor of 130950 and 280800.
1350
What is the highest common factor of 4394707 and 293?
293
What is the greatest common factor of 352 and 43476334?
22
Calculate the highest common factor of 24010 and 109970.
70
What is the highest common divisor of 4871403 and 324?
9
What is the highest common factor of 5615253 and 23647?
1819
What is the highest common factor of 54384 and 83256?
24
Calculate the highest common divisor of 4536 and 1297611.
63
What is the highest common divisor of 746025 and 170375?
725
Calculate the highest common divisor of 1144319 and 7843.
253
What is the greatest common divisor of 30693539 and 277?
277
Calculate the greatest common factor of 700056 and